{"id":93,"date":"2025-10-23T09:52:42","date_gmt":"2025-10-23T09:52:42","guid":{"rendered":"https:\/\/alejandroramirez.estaciondiseno.es\/?page_id=93"},"modified":"2026-02-03T20:14:17","modified_gmt":"2026-02-03T20:14:17","slug":"sobre-mi","status":"publish","type":"page","link":"https:\/\/alejandroramirez.estaciondiseno.es\/index.php\/sobre-mi\/","title":{"rendered":"About"},"content":{"rendered":"\t\t<div data-elementor-type=\"wp-page\" data-elementor-id=\"93\" class=\"elementor elementor-93\" data-elementor-post-type=\"page\">\n\t\t\t\t\t\t<section class=\"elementor-section elementor-top-section elementor-element elementor-element-fe4e8e4 elementor-section-full_width elementor-section-height-default elementor-section-height-default\" data-id=\"fe4e8e4\" data-element_type=\"section\" data-e-type=\"section\">\n\t\t\t\t\t\t<div class=\"elementor-container elementor-column-gap-default\">\n\t\t\t\t\t<div class=\"elementor-column elementor-col-33 elementor-top-column elementor-element elementor-element-a8386ed\" data-id=\"a8386ed\" data-element_type=\"column\" data-e-type=\"column\">\n\t\t\t<div class=\"elementor-widget-wrap elementor-element-populated\">\n\t\t\t\t\t\t<div class=\"elementor-element elementor-element-1cbc6b3 elementor-widget elementor-widget-image\" data-id=\"1cbc6b3\" data-element_type=\"widget\" data-e-type=\"widget\" data-widget_type=\"image.default\">\n\t\t\t\t<div class=\"elementor-widget-container\">\n\t\t\t\t\t\t\t\t\t\t\t\t\t\t\t<img fetchpriority=\"high\" decoding=\"async\" width=\"768\" height=\"1024\" src=\"https:\/\/alejandroramirez.estaciondiseno.es\/wp-content\/uploads\/2026\/02\/IMG_3964-768x1024.jpeg\" class=\"attachment-large size-large wp-image-615\" alt=\"\" srcset=\"https:\/\/alejandroramirez.estaciondiseno.es\/wp-content\/uploads\/2026\/02\/IMG_3964-768x1024.jpeg 768w, https:\/\/alejandroramirez.estaciondiseno.es\/wp-content\/uploads\/2026\/02\/IMG_3964-225x300.jpeg 225w, https:\/\/alejandroramirez.estaciondiseno.es\/wp-content\/uploads\/2026\/02\/IMG_3964-1152x1536.jpeg 1152w, https:\/\/alejandroramirez.estaciondiseno.es\/wp-content\/uploads\/2026\/02\/IMG_3964-1536x2048.jpeg 1536w, https:\/\/alejandroramirez.estaciondiseno.es\/wp-content\/uploads\/2026\/02\/IMG_3964-scaled.jpeg 1920w\" sizes=\"(max-width: 768px) 100vw, 768px\" \/>\t\t\t\t\t\t\t\t\t\t\t\t\t\t\t<\/div>\n\t\t\t\t<\/div>\n\t\t\t\t\t<\/div>\n\t\t<\/div>\n\t\t\t\t<div class=\"elementor-column elementor-col-66 elementor-top-column elementor-element elementor-element-7a33f9f\" data-id=\"7a33f9f\" data-element_type=\"column\" data-e-type=\"column\">\n\t\t\t<div class=\"elementor-widget-wrap elementor-element-populated\">\n\t\t\t\t\t\t<div class=\"elementor-element elementor-element-2776607 elementor-widget elementor-widget-text-editor\" data-id=\"2776607\" data-element_type=\"widget\" data-e-type=\"widget\" data-widget_type=\"text-editor.default\">\n\t\t\t\t<div class=\"elementor-widget-container\">\n\t\t\t\t\t\t\t\t\t<p data-start=\"222\" data-end=\"536\">Alejandro Gordillo Ram\u00edrez (Los Barrios, C\u00e1diz, 2004) es el dise\u00f1ador y fundador de su propia firma de moda. Curs\u00f3 estudios de Dise\u00f1o de Moda en la escuela Estaci\u00f3n Dise\u00f1o, en Granada. Desde temprana edad, la moda form\u00f3 parte de su vida de manera natural, sin ser del todo consciente de que se convertir\u00eda en su vocaci\u00f3n.<\/p><p data-start=\"222\" data-end=\"536\">\u00a0<\/p><p data-start=\"538\" data-end=\"957\">Inicialmente orientado hacia el \u00e1mbito del dise\u00f1o t\u00e9cnico y la arquitectura, Alejandro curs\u00f3 el bachillerato de ciencias tecnol\u00f3gicas. Sin embargo, casi por casualidad, descubri\u00f3 la carrera de Dise\u00f1o de Moda en los \u00faltimos meses de bachillerato. Pocos d\u00edas antes de que cerrara el plazo, se inscribi\u00f3 en la prueba de acceso y fue admitido, iniciando as\u00ed un camino creativo que redefinir\u00eda por completo su trayectoria.<\/p><p data-start=\"538\" data-end=\"957\">\u00a0<\/p><p data-start=\"959\" data-end=\"1334\">A lo largo de sus a\u00f1os de formaci\u00f3n, ha desarrollado una identidad art\u00edstica marcada por la versatilidad y la experimentaci\u00f3n est\u00e9tica. Aunque su estilo evoluciona constantemente, Alejandro reconoce una fuente de inspiraci\u00f3n constante: Beyonc\u00e9, figura que ha influido profundamente en su visi\u00f3n creativa y en su comprensi\u00f3n del poder de la imagen y la puesta en escena.<\/p><p data-start=\"959\" data-end=\"1334\">\u00a0<\/p><p data-start=\"1336\" data-end=\"1767\">Durante su tercer a\u00f1o de carrera, comenz\u00f3 a interesarse especialmente por la moda flamenca, un descubrimiento que le llev\u00f3 a explorar nuevas formas de reinterpretar la tradici\u00f3n desde una perspectiva contempor\u00e1nea. Ese mismo a\u00f1o, acab\u00f3 present\u00e1ndose a n\u00f3veles de simof 2026, donde se hizo con la menci\u00f3n especial.<\/p><p data-start=\"1336\" data-end=\"1767\">\u00a0<\/p><p data-start=\"1769\" data-end=\"1953\">Con una mirada fresca y un enfoque personal que combina elegancia, fuerza y car\u00e1cter, Alejandro Gordillo contin\u00faa construyendo una marca que refleja su visi\u00f3n \u00fanica del arte y la moda flamenca.<\/p>\t\t\t\t\t\t\t\t<\/div>\n\t\t\t\t<\/div>\n\t\t\t\t\t<\/div>\n\t\t<\/div>\n\t\t\t\t\t<\/div>\n\t\t<\/section>\n\t\t\t\t<\/div>\n\t\t","protected":false},"excerpt":{"rendered":"<p>Alejandro Gordillo Ram\u00edrez (Los Barrios, C\u00e1diz, 2004) es el dise\u00f1ador y fundador de su propia firma de moda. Curs\u00f3 estudios de Dise\u00f1o de Moda en la escuela Estaci\u00f3n Dise\u00f1o, en Granada. Desde temprana edad, la moda form\u00f3 parte de su vida de manera natural, sin ser del todo consciente de que se convertir\u00eda en su [&hellip;]<\/p>\n","protected":false},"author":1,"featured_media":0,"parent":0,"menu_order":0,"comment_status":"closed","ping_status":"closed","template":"","meta":{"footnotes":""},"class_list":["post-93","page","type-page","status-publish","hentry"],"yoast_head":"<!-- This site is optimized with the Yoast SEO Premium plugin v20.12 (Yoast SEO v20.12) - https:\/\/yoast.com\/wordpress\/plugins\/seo\/ -->\n<title>About - ALEJANDRO GORDILLO<\/title>\n<meta name=\"robots\" content=\"index, follow, max-snippet:-1, max-image-preview:large, max-video-preview:-1\" \/>\n<link rel=\"canonical\" href=\"https:\/\/alejandroramirez.estaciondiseno.es\/index.php\/sobre-mi\/\" \/>\n<meta property=\"og:locale\" content=\"es_ES\" \/>\n<meta property=\"og:type\" content=\"article\" \/>\n<meta property=\"og:title\" content=\"About\" \/>\n<meta property=\"og:description\" content=\"Alejandro Gordillo Ram\u00edrez (Los Barrios, C\u00e1diz, 2004) es el dise\u00f1ador y fundador de su propia firma de moda. Curs\u00f3 estudios de Dise\u00f1o de Moda en la escuela Estaci\u00f3n Dise\u00f1o, en Granada. Desde temprana edad, la moda form\u00f3 parte de su vida de manera natural, sin ser del todo consciente de que se convertir\u00eda en su [&hellip;]\" \/>\n<meta property=\"og:url\" content=\"https:\/\/alejandroramirez.estaciondiseno.es\/index.php\/sobre-mi\/\" \/>\n<meta property=\"og:site_name\" content=\"ALEJANDRO GORDILLO\" \/>\n<meta property=\"article:modified_time\" content=\"2026-02-03T20:14:17+00:00\" \/>\n<meta property=\"og:image\" content=\"https:\/\/alejandroramirez.estaciondiseno.es\/wp-content\/uploads\/2026\/02\/IMG_3964-768x1024.jpeg\" \/>\n<meta name=\"twitter:card\" content=\"summary_large_image\" \/>\n<meta name=\"twitter:label1\" content=\"Tiempo de lectura\" \/>\n\t<meta name=\"twitter:data1\" content=\"2 minutos\" \/>\n<script type=\"application\/ld+json\" class=\"yoast-schema-graph\">{\"@context\":\"https:\/\/schema.org\",\"@graph\":[{\"@type\":\"WebPage\",\"@id\":\"https:\/\/alejandroramirez.estaciondiseno.es\/index.php\/sobre-mi\/\",\"url\":\"https:\/\/alejandroramirez.estaciondiseno.es\/index.php\/sobre-mi\/\",\"name\":\"About - ALEJANDRO GORDILLO\",\"isPartOf\":{\"@id\":\"https:\/\/alejandroramirez.estaciondiseno.es\/#website\"},\"datePublished\":\"2025-10-23T09:52:42+00:00\",\"dateModified\":\"2026-02-03T20:14:17+00:00\",\"breadcrumb\":{\"@id\":\"https:\/\/alejandroramirez.estaciondiseno.es\/index.php\/sobre-mi\/#breadcrumb\"},\"inLanguage\":\"es\",\"potentialAction\":[{\"@type\":\"ReadAction\",\"target\":[\"https:\/\/alejandroramirez.estaciondiseno.es\/index.php\/sobre-mi\/\"]}]},{\"@type\":\"BreadcrumbList\",\"@id\":\"https:\/\/alejandroramirez.estaciondiseno.es\/index.php\/sobre-mi\/#breadcrumb\",\"itemListElement\":[{\"@type\":\"ListItem\",\"position\":1,\"name\":\"Home\",\"item\":\"https:\/\/alejandroramirez.estaciondiseno.es\/\"},{\"@type\":\"ListItem\",\"position\":2,\"name\":\"About\"}]},{\"@type\":\"WebSite\",\"@id\":\"https:\/\/alejandroramirez.estaciondiseno.es\/#website\",\"url\":\"https:\/\/alejandroramirez.estaciondiseno.es\/\",\"name\":\"ALEJANDRO GORDILLO\",\"description\":\"\",\"publisher\":{\"@id\":\"https:\/\/alejandroramirez.estaciondiseno.es\/#organization\"},\"potentialAction\":[{\"@type\":\"SearchAction\",\"target\":{\"@type\":\"EntryPoint\",\"urlTemplate\":\"https:\/\/alejandroramirez.estaciondiseno.es\/?s={search_term_string}\"},\"query-input\":\"required name=search_term_string\"}],\"inLanguage\":\"es\"},{\"@type\":\"Organization\",\"@id\":\"https:\/\/alejandroramirez.estaciondiseno.es\/#organization\",\"name\":\"ALEJANDRO GORDILLO\",\"url\":\"https:\/\/alejandroramirez.estaciondiseno.es\/\",\"logo\":{\"@type\":\"ImageObject\",\"inLanguage\":\"es\",\"@id\":\"https:\/\/alejandroramirez.estaciondiseno.es\/#\/schema\/logo\/image\/\",\"url\":\"https:\/\/alejandroramirez.estaciondiseno.es\/wp-content\/uploads\/2026\/02\/gordillo-blanco_tr.png\",\"contentUrl\":\"https:\/\/alejandroramirez.estaciondiseno.es\/wp-content\/uploads\/2026\/02\/gordillo-blanco_tr.png\",\"width\":1802,\"height\":1080,\"caption\":\"ALEJANDRO GORDILLO\"},\"image\":{\"@id\":\"https:\/\/alejandroramirez.estaciondiseno.es\/#\/schema\/logo\/image\/\"}}]}<\/script>\n<!-- \/ Yoast SEO Premium plugin. -->","yoast_head_json":{"title":"About - ALEJANDRO GORDILLO","robots":{"index":"index","follow":"follow","max-snippet":"max-snippet:-1","max-image-preview":"max-image-preview:large","max-video-preview":"max-video-preview:-1"},"canonical":"https:\/\/alejandroramirez.estaciondiseno.es\/index.php\/sobre-mi\/","og_locale":"es_ES","og_type":"article","og_title":"About","og_description":"Alejandro Gordillo Ram\u00edrez (Los Barrios, C\u00e1diz, 2004) es el dise\u00f1ador y fundador de su propia firma de moda. Curs\u00f3 estudios de Dise\u00f1o de Moda en la escuela Estaci\u00f3n Dise\u00f1o, en Granada. Desde temprana edad, la moda form\u00f3 parte de su vida de manera natural, sin ser del todo consciente de que se convertir\u00eda en su [&hellip;]","og_url":"https:\/\/alejandroramirez.estaciondiseno.es\/index.php\/sobre-mi\/","og_site_name":"ALEJANDRO GORDILLO","article_modified_time":"2026-02-03T20:14:17+00:00","og_image":[{"url":"https:\/\/alejandroramirez.estaciondiseno.es\/wp-content\/uploads\/2026\/02\/IMG_3964-768x1024.jpeg"}],"twitter_card":"summary_large_image","twitter_misc":{"Tiempo de lectura":"2 minutos"},"schema":{"@context":"https:\/\/schema.org","@graph":[{"@type":"WebPage","@id":"https:\/\/alejandroramirez.estaciondiseno.es\/index.php\/sobre-mi\/","url":"https:\/\/alejandroramirez.estaciondiseno.es\/index.php\/sobre-mi\/","name":"About - ALEJANDRO GORDILLO","isPartOf":{"@id":"https:\/\/alejandroramirez.estaciondiseno.es\/#website"},"datePublished":"2025-10-23T09:52:42+00:00","dateModified":"2026-02-03T20:14:17+00:00","breadcrumb":{"@id":"https:\/\/alejandroramirez.estaciondiseno.es\/index.php\/sobre-mi\/#breadcrumb"},"inLanguage":"es","potentialAction":[{"@type":"ReadAction","target":["https:\/\/alejandroramirez.estaciondiseno.es\/index.php\/sobre-mi\/"]}]},{"@type":"BreadcrumbList","@id":"https:\/\/alejandroramirez.estaciondiseno.es\/index.php\/sobre-mi\/#breadcrumb","itemListElement":[{"@type":"ListItem","position":1,"name":"Home","item":"https:\/\/alejandroramirez.estaciondiseno.es\/"},{"@type":"ListItem","position":2,"name":"About"}]},{"@type":"WebSite","@id":"https:\/\/alejandroramirez.estaciondiseno.es\/#website","url":"https:\/\/alejandroramirez.estaciondiseno.es\/","name":"ALEJANDRO GORDILLO","description":"","publisher":{"@id":"https:\/\/alejandroramirez.estaciondiseno.es\/#organization"},"potentialAction":[{"@type":"SearchAction","target":{"@type":"EntryPoint","urlTemplate":"https:\/\/alejandroramirez.estaciondiseno.es\/?s={search_term_string}"},"query-input":"required name=search_term_string"}],"inLanguage":"es"},{"@type":"Organization","@id":"https:\/\/alejandroramirez.estaciondiseno.es\/#organization","name":"ALEJANDRO GORDILLO","url":"https:\/\/alejandroramirez.estaciondiseno.es\/","logo":{"@type":"ImageObject","inLanguage":"es","@id":"https:\/\/alejandroramirez.estaciondiseno.es\/#\/schema\/logo\/image\/","url":"https:\/\/alejandroramirez.estaciondiseno.es\/wp-content\/uploads\/2026\/02\/gordillo-blanco_tr.png","contentUrl":"https:\/\/alejandroramirez.estaciondiseno.es\/wp-content\/uploads\/2026\/02\/gordillo-blanco_tr.png","width":1802,"height":1080,"caption":"ALEJANDRO GORDILLO"},"image":{"@id":"https:\/\/alejandroramirez.estaciondiseno.es\/#\/schema\/logo\/image\/"}}]}},"_links":{"self":[{"href":"https:\/\/alejandroramirez.estaciondiseno.es\/index.php\/wp-json\/wp\/v2\/pages\/93","targetHints":{"allow":["GET"]}}],"collection":[{"href":"https:\/\/alejandroramirez.estaciondiseno.es\/index.php\/wp-json\/wp\/v2\/pages"}],"about":[{"href":"https:\/\/alejandroramirez.estaciondiseno.es\/index.php\/wp-json\/wp\/v2\/types\/page"}],"author":[{"embeddable":true,"href":"https:\/\/alejandroramirez.estaciondiseno.es\/index.php\/wp-json\/wp\/v2\/users\/1"}],"replies":[{"embeddable":true,"href":"https:\/\/alejandroramirez.estaciondiseno.es\/index.php\/wp-json\/wp\/v2\/comments?post=93"}],"version-history":[{"count":101,"href":"https:\/\/alejandroramirez.estaciondiseno.es\/index.php\/wp-json\/wp\/v2\/pages\/93\/revisions"}],"predecessor-version":[{"id":618,"href":"https:\/\/alejandroramirez.estaciondiseno.es\/index.php\/wp-json\/wp\/v2\/pages\/93\/revisions\/618"}],"wp:attachment":[{"href":"https:\/\/alejandroramirez.estaciondiseno.es\/index.php\/wp-json\/wp\/v2\/media?parent=93"}],"curies":[{"name":"wp","href":"https:\/\/api.w.org\/{rel}","templated":true}]}}